(6/(-8))/(2/g)?
3
Let k = 2 + 0. What is the tens digit of (k - 1)*-1 + 44?
4
Let n(v) = -13*v + 4. Let i be n(2). Let o = 39 + i. What is the tens digit of o?
1
Let l = -9 + 21. What is the tens digit of l?
1
Suppose 0 = -5*h + 2*s + 801, -h + 3*s = -103 - 65. What is the hundreds digit of h?
1
Let f = 301 - 109. Suppose f + 13 = 5*w. What is the tens digit of w?
4
Let b(y) = y + 3. What is the units digit of b(5)?
8
Let i be 1/(-1) - 52/(-4). Suppose 5*x - i = -3*v + 4*v, 3*v + 16 = 5*x. What is the units digit of x?
2
Let o(z) = 7*z - 12. Let s be o(13). Suppose -2*x - 3*l + s = 0, x = l + 38 + 14. What is the units digit of x?
7
Let m(j) = j + 4. Let k = 2 + 0. Let y = 2 - k. What is the units digit of m(y)?
4
Suppose 0 = 44*u - 41*u - 207. What is the tens digit of u?
6
Suppose 4*c = c + 30. Suppose -c = 2*b + 6. What is the tens digit of (-18)/b*32/6?
1
Suppose 3*g = -5*n + 26, -2*n = 4*g - 8 - 8. Suppose 0 = -0*o - 2*o - n*b + 4, -3*o - 3*b = -3. Suppose 3*y + y - 52 = o. What is the units digit of y?
3
What is the units digit of -1*((-297)/18 - 2/4)?
7
Let p = 1 - 5. Let j = -3 - p. Let s = j + 2. What is the units digit of s?
3
Let o(n) = 3*n**2 + 21*n + 12. Let r(u) = 2*u**2 + 14*u + 8. Let m(h) = 5*o(h) - 8*r(h). Let g = 2 - 7. What is the units digit of m(g)?
6
Let s = -69 - -48. What is the tens digit of (-1 + s)*(-1)/2?
1
Let f(b) = 4*b**2 + b + 10. Let l(o) = 5*o**2 + o + 10. Let x(r) = -6*f(r) + 5*l(r). What is the tens digit of x(5)?
1
Let c be 1 - (1 - -2)/(-3). Suppose -4*f + c*f = -10. Suppose -s + f = -12. What is the tens digit of s?
1
Suppose 67*i - 804 = 61*i. What is the units digit of i?
4
Suppose 0 = -5*t + 3 + 2. Suppose -5*p - t = -3*z, -z - 2 = p - 5. What is the units digit of p?
1
Suppose -4*j + 64 = 5*l, -13 = -0*j - 3*j + 5*l. Let v = -12 + 28. Let s = v - j. What is the units digit of s?
5
Let a(y) = -y**3 + 12*y**2 + 5*y - 9. Suppose 36*b - 48 = 32*b. What is the units digit of a(b)?
1
Suppose 6 = 2*a - 2. Suppose a*s + 5 - 29 = 4*q, -4*q = -3*s + 22. Suppose 2*w + s*w = -3*h + 21, -w + h = 0. What is the units digit of w?
3
Suppose 2*l + i = -l + 732, -l + 5*i = -260. What is the units digit of l?
5
Let w = 2 - 8. Let p = w - -9. Suppose 0 = -p*s + 30. What is the units digit of s?
0
Suppose -4*m + m = 0, 3*m - 15 = -3*z. Suppose -z*t + 28 = -137. Suppose 3*h + 3*v - 36 = 0, -3*h - 3*v = -v - t. What is the units digit of h?
9
Suppose -5*f + f = 4*q + 36, q + 9 = -4*f. Let l be 2/(-1 + q/(-15)). Let y = l + 10. What is the units digit of y?
5
Let s = -249 + 427. What is the tens digit of s?
7
Suppose -4*z + 0*z = -52. Suppose 0*r - 4*u = -3*r - 6, 5*r - z = -u. What is the units digit of ((-1)/(-3))/(r/24)?
4
Suppose -3*l - 2*g + 20 = 0, -5*l = 3*g - 44 + 12. Let s(w) = w**3 - 3*w**2 + 3*w. Let r be s(l). What is the units digit of 188/r - (-4)/14?
7
Let m = 194 - 114. What is the units digit of m?
0
Let p = -988 - 432. What is the units digit of 2/12 + p/(-120)?
2
Let s(t) = 4*t + 6. Let z be s(9). Suppose 0 = 3*q - 2*v + 25, q - 3*v + z = -4*q. What is the units digit of -1 - -1 - (q - -6)?
3
Suppose 5*m - 10 = 4*q, 2*m - 6 = -2*q - 2. Suppose 2*c + 5*f = 6, -c + m = 5*f + 9. What is the units digit of c?
3
Suppose -3 + 2 = -z. What is the units digit of 1/2*(9 - z)?
4
Suppose -t + 3*p + 3 = 0, -p + 10 = -2*t - 2*t. Let q = -6 - t. What is the units digit of (-19)/q + 2/3?
7
Suppose 10 = y - 3*c - 0*c, -5*y - 5*c = -50. Let z be y + -4 - 1*2. Suppose 2*b + 3*v - 3 = 3*b, 0 = z*b + v - 27. What is the units digit of b?
6
What is the units digit of (1 + -2 - -2) + 2 + 100?
3
Let x(n) = -4*n**3 - n**2 - 2*n - 1. Let i be x(-1). Suppose 0 = -3*p + i*o - 6*o + 13, 5*o + 13 = -p. What is the units digit of p?
7
Suppose 75 = 4*o + 11. Let y = 25 - o. What is the units digit of y?
9
Suppose 4*a + 0*k - 2*k - 4 = 0, 0 = -a - k - 2. Suppose 5*o + 30 = -c, -3*c + a*c = 3*o + 6. Let b(n) = n**2 + 8*n + 10. What is the units digit of b(o)?
3
Let u = -7 + 11. Suppose 4*l - w = 28 + 17, 5*l - 48 = 4*w. What is the units digit of (l/1)/(-3 + u)?
2
Suppose -3 = 4*y - 27. Let o = 6 - 3. Let l = y - o. What is the units digit of l?
3
Let q(d) = -9*d - 12. What is the tens digit of q(-9)?
6
Let f(k) = 6*k - 28. What is the tens digit of f(19)?
8
Suppose 2*c = 63 - 3. What is the units digit of c?
0
Let t = 15 + -13. What is the units digit of t?
2
Suppose 5*t = -15, -37 = -2*g - 2*t + 9. Suppose 3*s + 0*d - g = -2*d, 24 = 3*s + 3*d. Let i = -4 + s. What is the units digit of i?
6
Let s be (1 - 6)*-2*2. Let w = 39 - s. What is the tens digit of w?
1
Let h(m) = -m**3 + m**2 - m - 8. Let g be h(0). Let k = g - -12. What is the units digit of k?
4
Suppose d + 31 = 123. What is the tens digit of d?
9
Suppose 0 = -5*w - 4*j + 121, 6*w = 7*w + j - 24. What is the tens digit of w?
2
Suppose 0 = -3*x - 3*m + 21, -3*x + 3*m = -2*x + 13. Let n(i) = 12*i - 2. Let o be n(2). Suppose 4*g = x*g + o. What is the units digit of g?
1
What is the units digit of (2 - -1) + -5 + 39?
7
Let r be 4/(-8)*-6 - 0. Suppose -r*t - 2*m = -4*m - 76, 0 = -3*t - 5*m + 62. What is the tens digit of t?
2
Suppose y + 39 = p, 3*p = 2*p - 2*y + 42. Suppose 3*t - 6 = -3*l, -6*l + t + p = -l. Suppose -l = -u + 5. What is the units digit of u?
2
Let p be 2 - -5 - (-4)/(-2). Let y(z) = -z**3 - 4*z**2 - 2*z + 2. Let o be y(-2). Let q = o + p. What is the units digit of q?
3
Suppose -2*k - 2*f - 10 = 10, -5*k - 55 = 4*f. Let r = -11 - k. Let s = r - -2. What is the units digit of s?
6
Let r be 96/8*(-2)/(-4). What is the units digit of (-6)/(-18) - (-82)/r?
4
What is the units digit of ((-50)/8)/((-2)/8)?
5
Let m(d) = 6 + d - 4*d**2 - d**3 + 5*d + d. Let h be m(-5). Let g = h - -8. What is the units digit of g?
4
Suppose -2*o = -p + 12 + 4, -2*o + 56 = 5*p. Let w(y) = -y**3 + 12*y**2 + y + 12. What is the units digit of w(p)?
4
Let f = -11 + 0. Let r = -9 - f. Suppose 5*j - 2*s - 5 = 0, -3*s - r = -0*j - 2*j. What is the units digit of j?
1
Let k(q) = 15*q + 2. Suppose 0 = -y + 3*w + 8, -2*y = y - w - 8. Let m be k(y). Let c = m + -20. What is the units digit of c?
2
What is the units digit of 164/14 + 8/28?
2
Let q(i) = -i. Let r(o) = -10*o. Let n(k) = -q(k) - r(k). What is the units digit of n(1)?
1
Let k be (4/5)/((-10)/(-25)). What is the tens digit of 72/45*15/k?
1
Let r = 45 - 30. Let c = r - 13. What is the units digit of c?
2
Let u be (-4)/(-10) - (-46)/10. Let c(x) = -x**3 + 5*x**2 + x + 7. Let b be c(u). Suppose 0 = -5*k + 18 + b. What is the units digit of k?
6
Let m(h) = -6*h - 1. Let y be m(-1). Suppose -5*x + y*o + 35 = 0, -2*x + 5*o + 20 = o. Suppose -x*i + i = -15. What is the units digit of i?
5
Suppose -5*u + 4*r = 104, -2*u - 38 = r + r. What is the tens digit of (-316)/u - 1/(-5)?
1
What is the units digit of (-25)/(-10)*3*(5 - -1)?
5
Suppose -3*o = -3*h, -h - 2*h + 2*o = -5. Suppose -h*j - 1 = -61. What is the units digit of j?
2
Suppose -622 = -2*h + 116. What is the hundreds digit of h?
3
Suppose 28 = 3*t - 71. Let d = t + -14. What is the units digit of d?
9
Let t = -2 - -4. Suppose z - 3*z - 25 = -g, 10 = t*g + 4*z. What is the tens digit of g?
1
Let u(z) be the third derivative of -z**5/60 - 3*z**4/8 + z**3 - 7*z**2. What is the units digit of u(-9)?
6
Suppose -17*t + 10*t = -1295. What is the tens digit of t?
8
Suppose -5*r + 0*r + u + 20 = 0, -r - 4*u + 4 = 0. Suppose 0 = -4*t + 4, -12 - 25 = -r*i - t. What is the units digit of i?
9
Let v(z) = -2*z**3 + 3*z**2 + 9*z + 7. What is the units digit of v(-3)?
1
Suppose 0 = -4*m - c - 19, 0 = c + 3 - 0. What is the units digit of 30/(7/((-14)/m))?
5
Let t(n) = n**2 - 11*n - 21. Let z be t(15). Suppose -h - 10 = -z. What is the tens digit of h?
2
Suppose -4 = -0*z + 4*z. Let k(p) = -11*p**3 + p**2 + p + 1. What is the units digit of k(z)?
2
What is the units digit of -13*((-6)/2 + 1)?
6
Suppose -h + 18 - 2 = 0. Suppose -b + h = b. What is the units digit of b?
8
Let s(i) = -3*i + 6*i**2 + 3*i**2 + 5 + 2*i**3 - 3*i**2 - i**3. What is the units digit of s(-6)?
3
Suppose -8*t + 4*t - 4*i + 16 = 0, 3*i = 5*t - 20. Let q = -3 + t. What is the units digit of (0 + q)/(3/12)?
4
Suppose o - 5*w - 3 = 0, -3*o + 2 = 2*w - 7. Suppose o*v - 2 = 4*v. What is the units digit of (-9 + 3)*v/3?
4
Let n be (-1